ime number?
True
Is 203231 a composite number?
True
Is 925891 composite?
False
Is 21911 composite?
False
Is 397 a prime number?
True
Is 632131 composite?
True
Is 401342 composite?
True
Is 4559 a composite number?
True
Is 1543 a composite number?
False
Is 171131 prime?
True
Is 6499 prime?
False
Is 807 a composite number?
True
Is 21797 composite?
True
Is 2928839 composite?
False
Is 386833 composite?
True
Is 907 a composite number?
False
Is 8851 composite?
True
Is 27449 a composite number?
False
Is 178639 a prime number?
True
Is 216681 composite?
True
Is 4327 a prime number?
True
Is 10487 a composite number?
False
Is 56107 prime?
False
Is 287333 composite?
False
Is 1222993 a composite number?
False
Is 618502 a composite number?
True
Is 2017 composite?
False
Is 1765 composite?
True
Is 98989 prime?
False
Is 175247 a composite number?
True
Is 175753 a prime number?
True
Is 16871 a prime number?
True
Is 1087 a prime number?
True
Is 24007 composite?
False
Is 36997 a composite number?
False
Is 341401 composite?
True
Is 309767 composite?
True
Is 635599 prime?
True
Is 1027 a composite number?
True
Is 20323 a prime number?
True
Is 46373 a composite number?
True
Is 407107 prime?
False
Is 10453 prime?
True
Is 1111307 a prime number?
False
Is 12219 prime?
False
Is 175729 composite?
True
Is 41507 composite?
False
Is 1219 a prime number?
False
Is 119285 a composite number?
True
Is 2095 composite?
True
Is 202381 a prime number?
True
Is 836335 composite?
True
Is 19571 a prime number?
True
Is 9133 prime?
True
Is 6535 a prime number?
False
Is 15491 prime?
False
Is 1502 a prime number?
False
Is 44819 prime?
True
Is 15421 a composite number?
True
Is 48089 a composite number?
True
Is 1513 a composite number?
True
Is 1993829 a prime number?
True
Is 34457 prime?
True
Is 74923 a prime number?
True
Is 18554 prime?
False
Is 143555 prime?
False
Is 54241 prime?
False
Is 2761 a prime number?
False
Is 9986 a composite number?
True
Is 7091 a prime number?
False
Is 14979 a prime number?
False
Is 113921 a prime number?
True
Is 121795 prime?
False
Is 1337 composite?
True
Is 91435 a prime number?
False
Is 159457 composite?
False
Is 110899 composite?
False
Is 16793 a prime number?
False
Is 227977 a prime number?
True
Is 4183 composite?
True
Is 613 a composite number?
False
Is 88921 prime?
False
Is 48017 composite?
False
Is 54601 composite?
False
Is 71387 prime?
True
Is 10709 a composite number?
False
Is 21233 prime?
False
Is 34015 a prime number?
False
Is 149489 composite?
False
Is 7696133 composite?
False
Is 1652369 prime?
True
Is 677137 a composite number?
True
Is 1860923 a prime number?
True
Is 227327 composite?
True
Is 2735477 a prime number?
True
Is 344821 prime?
True
Is 2644789 prime?
False
Is 55015 prime?
False
Is 129443 a prime number?
True
Is 91831 composite?
True
Is 37085 prime?
False
Is 158947 composite?
True
Is 167345 a prime number?
False
Is 200521 prime?
False
Is 274403 a prime number?
True
Is 28533 a prime number?
False
Is 481 a prime number?
False
Is 15637 a composite number?
True
Is 9017 composite?
True
Is 6947 a prime number?
True
Is 4843 a prime number?
False
Is 40191 prime?
False
Is 1333 composite?
True
Is 2402347 composite?
True
Is 187831 composite?
True
Is 798089 prime?
True
Is 10583 a prime number?
False
Is 29242 prime?
False
Is 17011 a prime number?
True
Is 724917 prime?
False
Is 22229 a composite number?
False
Is 141761 a composite number?
False
Is 317173 prime?
False
Is 82699 prime?
True
Is 61739 a prime number?
False
Is 25319 a composite number?
True
Is 17337 a composite number?
True
Is 20743 composite?
False
Is 21059 a prime number?
True
Is 1793 a prime number?
False
Is 59063 composite?
False
Is 153251 composite?
True
Is 1435909 prime?
True
Is 116639 a composite number?
False
Is 9637 a prime number?
False
Is 856969 prime?
True
Is 11333 a composite number?
True
Is 954043 prime?
True
Is 72859 prime?
True
Is 526261 composite?
True
Is 9791 prime?
True
Is 244502 a prime number?
False
Is 199853 a composite number?
False
Is 399887 a composite number?
False
Is 18899 a prime number?
True
Is 85361 prime?
True
Is 114943 composite?
True
Is 146593 a prime number?
False
Is 22189 prime?
True
Is 640859 composite?
False
Is 1478791 a composite number?
True
Is 45706 a composite number?
True
Is 1430507 prime?
False
Is 5059 a prime number?
True
Is 4883 a composite number?
True
Is 293 prime?
True
Is 420377 a prime number?
False
Is 25819 composite?
False
Is 8063 composite?
True
Is 666541 prime?
True
Is 1471 a composite number?
False
Is 1079 a composite number?
True
Is 1135159 a composite number?
False
Is 350147 prime?
False
Is 193394 a prime number?
False
Is 391447 composite?
True
Is 93871 prime?
True
Is 25057 a composite number?
False
Is 363017 a composite number?
False
Is 22387 prime?
False
Is 6805 a prime number?
False
Is 256069 prime?
False
Is 5813 prime?
True
Is 1488281 a prime number?
False
Is 12097 a composite number?
False
Is 980009 composite?
True
Is 15967 composite?
True
Is 44519 prime?
True
Is 15373 a composite number?
False
Is 165098 a composite number?
True
Is 1637 prime?
True
Is 12209 a prime number?
False
Is 7621 prime?
True
Is 28781 a prime number?
False
Is 19207 a prime number?
True
Is 2764519 prime?
False
Is 97655 a composite number?
True
Is 705389 a prime number?
True
Is 157 composite?
False
Is 54077 a prime number?
False
Is 268795 a composite number?
True
Is 141761 composite?
False
Is 1254761 prime?
True
Is 516277 prime?
True
Is 336863 a prime number?
True
Is 12143 a composite number?
False
Is 28277 composite?
False
Is 136153 a composite number?
True
Is 400342 a prime number?
False
Is 68261 composite?
False
Is 1102663 prime?
True
Is 2321 a prime number?
False
Is 16222 prime?
False
Is 42491 prime?
True
Is 159383 a composite number?
True
Is 12251 composite?
False
Is 2959 a prime number?
False
Is 6443 prime?
False
Is 150253 a composite number?
True
Is 20954 composite?
True
Is 325331 a composite number?
True
Is 98206 a composite number?
True
Is 54721 composite?
False
Is 81943 prime?
True
Is 54217 composite?
False
Is 101291 prime?
False
Is 122443 prime?
True
Is 956789 a prime number?
True
Is 21377 a composite number?
False
Is 663097 prime?
True
Is 1475963 prime?
False
Is 4583 a prime number?
True
Is 92197 a composite number?
True
Is 407501 a composite number?
False
Is 51383 a composite number?
False
Is 365747 composite?
False
Is 33827 composite?
False
Is 36169 composite?
True
Is 25841 a prime number?
True
Is 88721 a composite number?
False
Is 3491 prime?
True
Is 799873 composite?
False
Is 18787 prime?
True
Is 637553 a composite number?
True
Is 36029 a composite number?
True
Is 27043 prime?
True
Is 11113 a composite number?
False
Is 292745 prime?
False
Is 68857 a prime number?
False
Is 983 prime?
True
Is 311143 a composite number?
True
Is 274865 prime?
False
Is 9277 a composite number?
False
Is 59593 a composite number?
True
Is 14902 prime?
False
Is 283181 a composite number?
False
Is 19907 prime?
False
Is 902078 a prime number?
False
Is 412019 a prime number?
True
Is 150521 a composite number?
True
Is 5471 composite?
False
Is 260515 prime?
False
Is 54793 a prime number?
False
Is 14207 prime?
True
Is 3049 prime?
True
Is 214433 composite?
False
Is 20074 prime?
False
Is 6349 a composite number?
True
Is 932303 prime?
True
Is 18247 a composite number?
True
Is 16249 composite?
False
Is 2894 a prime number?
False
Is 6139 composite?
True
Is 93363 prime?
False
Is 67559 composite?
False
Is 12197 a prime number?
True
Is 631 a prime number?
True
Is 247727 a prime number?
False
Is 110315 a composite number?
True
Is 138727 composite?
False
Is 9733 a composite number?
False
Is 1187 composite?
False
Is 299771 a composite number?
False
Is 22353 composite?
True
Is 1784789 composite?
False
Is 331937 a prime number?
True
Is 6331 composite?
True
Is 63905 a prime number?
False
Is 2901 composite?
True
Is 12333 prime?
False
Is 39211 composite?
True
Is 850177 a prime number?
True
Is 3043 a prime number?
False
Is 19111 composite?
True
Is 20777 composite?
True
Is 39939 composite?
True
Is 9791 composite?
False
Is 122069 a prime number?
True
Is 342103 prime?
False
Is 19757 prime?
False
Is 23347 prime?
False
Is 29917 prime?
True
Is 247661 composite?
True
Is 1274737 composite?
False
Is 4